*d + d**2. What is q(0)?
2
Let z(i) = -i**3 - 4*i**2 + 2*i + 7. Let j be (-148 - -143)/(5/4). Calculate z(j).
-1
Let p(g) = -g**3 - 9*g**2 + g + 2. Let a be 9 + (2/(-6))/((-48)/(-576)). Let f be (-121)/(-7) - (-4)/(-14). Suppose 28 = -a*n - f. Determine p(n).
-7
Suppose 218 - 219 = 3*a - d, -5*d = a - 5. Let m(r) = 5*r + 30. Calculate m(a).
30
Suppose h - 293 = -3*s, -27 = 2*h + 4*s - 609. Let g(a) = a - 132 - 143 + h. Determine g(-10).
2
Suppose -20*b + 35 = -225. Let v(n) = 25*n. Let d(a) = 54*a + 1. Let o(g) = b*v(g) - 6*d(g). Calculate o(-5).
-11
Let v(c) = -3*c**2 + 20*c - 62. Let z be v(18). Let f = z + 687. Let s(r) = r**3 - 13*r**2 + r - 1. What is s(f)?
12
Let p(q) = q**2 + 14*q + 1. Let k(l) = 8*l - 5*l**2 + 6*l**2 + 4*l. Let o(x) = -4*k(x) + 3*p(x). Let h = 7 + -15. Calculate o(h).
-13
Let h = 8928 - 8932. Let j(o) = -o**3 - 3*o**2 + 3*o + 10. What is j(h)?
14
Let w(g) be the third derivative of g**7/504 + g**5/12 - 5*g**2. Let o(x) be the third derivative of w(x). Let u = 501 - 500. Give o(u).
10
Let c(t) = -21*t + 88. Let i(p) = 1012*p - 4224. Let w(o) = -385*c(o) - 8*i(o). Calculate w(-8).
0
Let s(p) = 4*p**2 + 3*p - 25. Let g = -12680 - -12677. Calculate s(g).
2
Let v(b) = -41 + 22*b + 4*b - 65 + 9*b. Give v(3).
-1
Suppose -12*q + 60 = -6*q. Suppose -2*h - q = w + h, -4*w + 15 = h. Let c(m) = -3*m - 1 - m + 3*m. Calculate c(w).
-6
Suppose 4*m - t = 4*t + 83, 0 = 3*m - t - 76. Suppose -11*y + m = -8*y. Suppose 2*v = y - 5. Let g(r) = 2*r**2 - r - 1. Calculate g(v).
5
Let m(j) = -3*j + 4 + 2*j**2 + 3*j**2 - j**2 + j**3. Let t = 116 + -121. What is m(t)?
-6
Let g(w) = 4*w**2 - 15*w - 22. Let l(a) = -7*a**2 + 30*a + 41. Let n(f) = -5*g(f) - 3*l(f). Give n(13).
-39
Let l(s) = -s**3 - 6*s**2 + 15*s + 60. Let b be l(-7). Let n(w) = 8*w**2 + 3*w - 7. Determine n(b).
133
Let a(b) = b**3 + 7*b**2 + b + 6. Let g be a(-7). Let k(s) be the second derivative of -4*s**3/3 + s**2/2 - 2252*s - 3. Determine k(g).
9
Let n be (-1)/(-3) + 177/9. Let d(z) = -4 + 2 - 23*z**2 + 61*z**2 - n*z**2 - 15*z**2. Suppose 4*l + 7 = -1. Determine d(l).
10
Let i(j) be the first derivative of -j**3/3 - 3*j**2 - 4*j - 11. Let u(c) = -2*c**3 + 10*c**2 + 23*c - 129. Let h be u(4). What is i(h)?
1
Let o(a) be the first derivative of a**4/4 + 11*a**3/3 - 7*a**2 - 12*a - 5. Let d = -13705 - -13693. Give o(d).
12
Let j(u) = -12*u - 3. Let q(r) = 13*r + 2. Let i(m) = m + 9. Let a be i(-11). Let h(p) = a*j(p) - 3*q(p). Let n = -4740 - -4741. Give h(n).
-15
Let s(f) be the second derivative of f**4/12 - 3*f**3/2 - f**2 - 2*f - 60. Determine s(10).
8
Let u(g) = 3*g**2 - 6*g + 5. Let z be u(3). Suppose -p = p - z. Let h(w) = -8*w + p*w + 2*w + 1. What is h(3)?
4
Let h(i) = 2 - 7 + 5*i + 4 - i**2. Let y(c) be the second derivative of -c**4/12 - 7*c**3/6 + 125*c**2/2 - 9*c - 1. Let w be y(8). What is h(w)?
-1
Suppose 4*a = -4*b + 92, -72 = -2*b + 5*a + 2. Suppose 0 = 11*w - 181 + b. Let x(q) = -q**2 + 12*q + 17. Calculate x(w).
-11
Suppose -5*x - 4*g = 1, -4*x - 4 = 117*g - 113*g. Let s(z) be the third derivative of 1/12*z**6 + 0*z + 1/24*z**4 + 0*z**5 + 17*z**2 - 1/6*z**x + 0. Give s(1).
10
Let n(f) = 10*f - 2*f - 2 - 7*f + 3 + 8*f**2 - f**3. Let y = -50 + 50. Suppose 0 = -y*o + 5*o - 40. Determine n(o).
9
Suppose 59*d = 127*d - 816. Let m(a) = a**2 - 3*a - 108. Give m(d).
0
Let u = 26688 - 26680. Let m(i) = i**2 - 10*i - 24. Give m(u).
-40
Suppose -2*l + 18 = -k + 3*k, 0 = 2*l - 5*k + 17. Let a(v) = 621 + 3*v**2 - l*v**2 - 635. Calculate a(0).
-14
Let d(o) = o**2 + 5*o + 3. Let g be d(0). Let y(w) be the third derivative of 1/120*w**6 + 0*w + 0 - 1/30*w**5 - 17*w**2 - 1/2*w**3 - 1/12*w**4. Calculate y(g).
0
Let p(c) = 67*c**2 - 32*c + 61. Let f(z) = -107*z**2 + 48*z - 91. Let b(u) = -5*f(u) - 8*p(u). What is b(14)?
-5
Let a(f) = -f**2 + 6*f - 6. Let u = -251 - -254. Suppose 22*b = -3*j + 25*b + u, -2*j + b = -6. What is a(j)?
-1
Let w(u) = 6*u + 196. Let f be 12*(-10 - -12)*24/(-18). What is w(f)?
4
Let n(h) = 5*h**3 - 20*h**2 + 17*h + 65. Let x(w) = 2*w**3 - 5*w**2. Let s(b) = -n(b) + 3*x(b). Calculate s(-6).
1
Let i be 11/(286/(-4)) + 14/91. Let u be -25*(-1 - (-2 - -2)). Suppose i = 6*k - k - u. Let x(s) = -s + 7. What is x(k)?
2
Let q(a) be the second derivative of -21*a - 1/12*a**4 + 0 - 7/6*a**3 - 2*a**2. Let i(u) = 3*u**2 + 15*u + 8. Let w(y) = 2*i(y) + 5*q(y). What is w(6)?
2
Let x(b) = -b**3 + 21*b**2 - 37*b - 7. Suppose -2*g - 43 = -4*n - 109, 4*g - 90 = 2*n. Calculate x(g).
12
Let k(i) = i**3 - 10*i**2 + 11*i - 12. Let t be ((-27)/54)/(2/668). Let q = 176 + t. Give k(q).
6
Let k(u) = 12*u - 224. Let a be k(19). Let o(s) = -13*s**2 + 9*s**2 + a*s**2 - s**2 + 4 - 6*s. Give o(4).
-36
Let m(w) = -110*w - 232. Let n(o) = -12*o - 25. Let b(y) = 2*m(y) - 19*n(y). Give b(-8).
-53
Let c(l) = 7 - 134*l**2 + 42*l**2 - 6 + 50*l**2 + 21*l + 47*l**2. Determine c(-2).
-21
Let f(l) be the second derivative of 3*l**3/2 + 7*l**2 + 1674*l. Determine f(-5).
-31
Let a(f) be the second derivative of f**7/840 - f**6/120 + f**5/60 - f**4/12 - 17*f**3/6 + 4*f + 7. Let p(y) be the second derivative of a(y). Give p(2).
-2
Suppose -24*c + 60 = -14*c. Let k(d) = 3*d**2 - 16*d + 6. Let w(a) = a**2 - 6*a + 2. Let b(h) = c*k(h) - 17*w(h). Determine b(-3).
-7
Let w(s) = -16*s**2 + 2*s + 1. Let t = 74 - 68. Suppose -27*x - t = -21*x. Determine w(x).
-17
Let o(l) be the third derivative of 0*l - 1/6*l**4 + 1/6*l**3 - 3*l**2 - 1/60*l**5 + 7. What is o(-4)?
1
Suppose 0 = -3*s + 12, -5*s + 72 = -4*u + 2*u. Let o be u/(-10) - (92/20 + -4). Let a(y) = 5 - 2*y + 0*y + 4 - o. Give a(7).
-7
Let q(c) = 16*c**2 + 37*c + 6. Let i(l) = 7*l**2 + 18*l + 1. Let n(b) = -5*i(b) + 2*q(b). Calculate n(-6).
-5
Let c(w) be the first derivative of -3*w**2/2 - w - 176. Let z(m) = -m**3 - 15*m**2 - m - 17. Let k be z(-15). Calculate c(k).
5
Let c be (-3*24)/9 - -16. Suppose -3*v - 28 = -3*o - c*v, -3*o = -v + 2. Let n(a) = -a + 0*a - 1 + 2*a. Calculate n(o).
0
Suppose -24 = -2*r - 3*x, 30 = 4*r - 4*x + x. Let s be (4 + 50/(-15))*r. Let g(m) = 3 - 4*m**2 - s + 37*m**3 - 36*m**3. Give g(3).
-12
Let i(q) be the first derivative of -q**3/3 + 5*q**2/2 + 107*q - 3203. Determine i(13).
3
Suppose -3*o - n = 21, 4*o - 4*n = 7*o + 21. Let s(z) = -2*z**2 - 14*z - 9. Calculate s(o).
-9
Let w be 1/(-11 - -3) + 1598/(-16). Let h be 20/25*w/10. Let d(u) = u**2 + 5*u - 1. Give d(h).
23
Suppose -117 = 28*q - 453. Suppose q = 5*o - 2*o. Let a(s) = 2*s**2 - 3*s + 5. Calculate a(o).
25
Suppose -50 = 54*g - 34*g + 90. Let p(b) = -23*b - 153. Determine p(g).
8
Let n(l) = -l**3 - 7*l**2 - 6*l + 14. Let v be (-22)/4 - ((-24)/(-348) + 747/522). Determine n(v).
56
Let q(f) = -f**3 - 4*f**2 - 8*f - 30. Let i be q(-4). Let v(y) = 10*y - 2 - 9*y + i*y + 4. What is v(-2)?
-4
Let r(g) be the second derivative of -2*g + 1/3*g**3 + 1/20*g**5 + 0 + g**2 - 1/2*g**4. Determine r(5).
-13
Let q be -3 + 6 + (-3 - -1). Let y(r) = 7*r - 71 - 6*r + 6*r + 133 - 61. What is y(q)?
8
Let w(f) = 2 - 7*f - 6 + 3. Let g(i) = i**2 + 67*i + 525. Let p be g(-58). Give w(p).
-22
Suppose 38*k - 27 = 35*k. Let c(m) = -7 - 42*m**2 + 88*m**2 - 45*m**2 - k*m. Determine c(10).
3
Suppose a + 10 = 3*a, -m + 4*a - 20 = 0. Suppose -2*o = -m*o - 4*p, 4*o - 5*p + 12 = 0. Let s(l) = 2 - 281*l**2 + 272*l**2 + 1 - l**3 - 8*l. What is s(o)?
3
Let c(t) = -54*t - 131. Let m(j) = -28*j - 86. Let k(x) = -3*c(x) + 5*m(x). Determine k(2).
7
Let v = 144 + -111. Let k(h) = 21 + v*h - 31 - 32*h. Calculate k(6).
-4
Let o(h) = 654 + 131*h + 133*h - 262*h - 669. Determine o(-9).
-33
Let v(c) = -7*c**2 + 15*c + 33. Let l(j) = -4*j**2 + 7*j + 21. Let o(k) = 5*l(k) - 3*v(k). What is o(10)?
6
Suppose 0 = 55*y - 107 - 663. Let r(q) = q - 7. What is r(y)?
7
Suppose -3*q + 5*q = 2*x, 4*q = -2*x - 30. Let f(r) = -7*r**2 + 314*r + 5. Let b(m) = -2*m**2 + 106*m. Let o(a) = 3*b(a) - f(a). Give o(q).
0
Let o(l) = l**3 - 3*l**2 - 5*l - 10. Let z be o(5). Let f(a) = -16 - z + 37 - 11 + a. Suppose 17 = 3*d + 4*s, 2*d - 5*d + 2*s = -23. Determine f(d).
2
Let f(z) = z**3 + 10*z**2 + 3*z + 25. Let j be (318/(-212))/(3/20). Determine f(j).
-5
Let z(t) be the third derivative of 0*t - 1/60*t**5 - 3*t**2 - 4/3*t**3 + 38 - 1/24*t**4. Determine z(0).
-8
Let o(l) = -l**3 - 5*l**2 + 5*l + 26. Let t(b) = -b**3 - 3*b**2 + 6